 d**2 + 8*d - 107. Let s be u(7). What is the tens digit of (-19964)/(-24) - 3*s/36?
3
Suppose -20*p = -15*p + 5*x - 20170, -4034 = -p + x. What is the units digit of p?
4
Suppose 2*s + 4*s = -30. What is the units digit of 246*-5*s/50?
3
Let d(r) = 183*r + 521. What is the hundreds digit of d(8)?
9
Suppose 3*t - 803 = -4*k, -2*t + 0*t - 998 = -5*k. Let m = k + -19. What is the tens digit of m?
8
Let d(t) = -29*t + 1755. What is the thousands digit of d(-59)?
3
Let l(r) = -r + 261. Let c be l(-14). Let i = c + 337. What is the hundreds digit of i?
6
Suppose i - 20*s - 2083 = -16*s, 10323 = 5*i + 3*s. What is the tens digit of i?
6
Let y be (-1)/(-3) - 48540/(-180). Suppose 9*f = -3*b + 5*f + y, -3*b + 3*f + 291 = 0. What is the tens digit of b?
9
Suppose -2*p + 2 = -5*f + 4, -2*f = 3*p - 16. Let g = 8 - 3. Suppose -o = p*o - 5*a - 45, -g*a = 15. What is the units digit of o?
6
Suppose -5*s = -2*s + 2*t - 21, 0 = -2*s + 4*t - 2. Suppose 2*r + s*i - 117 = 0, -5*i + 0*i = 5*r - 330. Suppose -n - 9 = -r. What is the units digit of n?
2
Suppose 4*m - 56 = 12*m. Let r(a) = 15 + 4*a**2 - 14 + 0*a**2 + 48 + 131*a - 133*a. What is the tens digit of r(m)?
5
Let u be (700/(-21))/10*(-3)/2. Suppose 5*n + 2160 = 5*t, -2140 = -u*t - 27*n + 22*n. What is the tens digit of t?
3
Suppose 14*a - 14*a - 22720 = -8*a. What is the units digit of a?
0
Suppose u - 2*t - 18 = 2*t, u + 4*t = -6. Let v be (-1 + (-1385)/25)/(u/(-100)). Suppose -v = 3*q - 8*q. What is the hundreds digit of q?
1
Let f(s) = -s**3 + 129*s**2 - 146*s - 1378. What is the thousands digit of f(127)?
2
Let n = -136 - -259. Suppose 531 = 3*z - n. What is the tens digit of z?
1
Suppose -8*r = -30*r + 66066. Suppose -4917 = -15*b + r. What is the tens digit of b?
2
Suppose 3*f - 4*p = -859, -6*f - 5*p = -5*f + 299. Let w = f + 638. What is the hundreds digit of w?
3
Suppose -742*k + 741*k = 5*w - 9767, 2*w = -2*k + 19502. What is the hundreds digit of k?
7
Suppose 6*s = 112 - 22. Suppose -30*c = -27*c + s. Let d(w) = w**3 + 6*w**2 + 3*w + 10. What is the tens digit of d(c)?
2
Suppose 0 = -10*o + 2*o - 2280. Let f = o - -445. Let v = f + -78. What is the units digit of v?
2
Suppose 1219*i - 1223*i = -3896 - 22748. What is the tens digit of i?
6
Let g(w) = w**2 - 14*w + 70. Let s be g(5). Suppose -2*k + 640 = -o, k + s*o = 24*o + 323. What is the tens digit of k?
2
Suppose -8*n = -59*n + 3213. What is the tens digit of (-7)/63 - (-81025)/n?
8
Let k(q) = -4*q + 23. Let j(m) = 4*m - 22. Let x = -11 + 5. Let l(n) = x*j(n) - 5*k(n). What is the tens digit of l(-7)?
4
Let c(v) = -v**3 - 3*v**2 - v + 6917. What is the hundreds digit of c(0)?
9
Let s = 14991 + 33439. What is the ten thousands digit of s?
4
Suppose 563 = s + 3*t, -s + 3*t = -341 - 240. Suppose 2*n = 4*n - s. Let b = n + -160. What is the hundreds digit of b?
1
What is the thousands digit of (-33)/(10692/72) - (-504886)/18?
8
Let j(r) = -r**3 - 101*r + 61. What is the ten thousands digit of j(-26)?
2
Let f be 3/9*(0 - -3). Let i = -785 - -792. Let k = f + i. What is the units digit of k?
8
Let o(k) = -8*k + 7. Let u be o(-9). Let y = u + -66. Suppose 4*f = 25 - y. What is the units digit of f?
3
Suppose -181*x + 2474531 = 533668. What is the hundreds digit of x?
7
Let f(l) = -23*l + 7. Let o(u) = u. Let i(g) = -f(g) + o(g). Let b be i(6). Suppose 3*q + b + 25 = p, 4*p + 2*q = 718. What is the tens digit of p?
7
Let h(o) = 18*o**2 + 8*o - 3. Let n be h(6). Suppose -p = -l + 187, 2*p + n - 134 = 3*l. What is the hundreds digit of l?
1
Suppose 0 = -4*u - c + 6224, -7*c - 40 = -2*c. What is the tens digit of u?
5
Let g = -100 - -104. Suppose -3*d + 28 = 5*i - 65, g*d + 16 = 0. What is the tens digit of ((-95)/(-15) - 2)*i?
9
Suppose -2872 = -33*z + 25*z. Suppose -4*g + 474 = 3*t - z, -g = 3*t - 845. What is the hundreds digit of t?
2
Let p(x) = -20*x - 13*x + 3 + 6 + 17*x. What is the units digit of p(-18)?
7
Suppose -n = -2*l - 3870 - 68, -3*l - 11826 = -3*n. What is the tens digit of n?
4
Suppose 268*z - 12664784 = -49*z. What is the tens digit of z?
5
Let n = 16357 + 22862. What is the tens digit of n?
1
Suppose 13*d = -109659 + 523929 + 158471. What is the hundreds digit of d?
0
Let h = 80 - 77. What is the units digit of 425 + (h/5)/((-6)/30)?
2
Let q = -17702 - -31049. What is the hundreds digit of q?
3
Let g(s) = 21*s**2 - 111*s + 45. What is the tens digit of g(9)?
4
Let a(o) = 72*o + 1. Let b = 53 + -56. Let m(y) = y - 1. Let n(i) = b*m(i) - a(i). What is the tens digit of n(-4)?
0
Suppose 27*j - 24*j - 31068 = -2*m, 5*j - 4*m - 51802 = 0. What is the tens digit of j?
5
What is the units digit of ((-10881)/195)/((-3)/510)?
6
Let n(h) = 2*h**2 + 24*h + 29. Let s be n(-10). What is the units digit of (-4 + s/(-3))/(2/(-1626))?
1
Suppose -4*x + 5*d + 59941 = 0, x - 37*d = -39*d + 14995. What is the ten thousands digit of x?
1
Let b = 3 - -1. Let l be (30/(-18))/((-8)/6)*b. Suppose 75 = l*c + 4*j, -c = -3*c + j + 17. What is the tens digit of c?
1
Let u(l) = -4*l + 28. Let n be u(-7). Let z = -54 + n. Suppose r - 6 = z. What is the units digit of r?
8
Let z(w) = 28*w + 205. Let b be z(-14). What is the hundreds digit of 1*2/17 - 125268/b?
6
Let g(v) = -5917*v - 407. What is the units digit of g(-1)?
0
Let u = 46 + -56. Let y(r) = -1. Let v(d) = -d**2 - 4*d + 18. Let m(l) = -v(l) - 3*y(l). What is the tens digit of m(u)?
4
Let z = 26143 - 18529. What is the tens digit of z?
1
Suppose u - 650 = -0*u. Let p = 1981 - 1976. Suppose -2*x + 2*v + 260 = 0, p*x - v - u = 2*v. What is the tens digit of x?
3
Let j = -58 + 63. Let k be 4 + -2 + 4 - j. What is the tens digit of -11*(k - (18 + 1))?
9
Let j(k) = 1096*k - 661. What is the thousands digit of j(7)?
7
Let x = 2812 + -1809. What is the tens digit of x?
0
Let b(q) = -q**3 - 3*q**2 - q + 1. Let w be b(-1). Suppose -4*f + 1773 - 309 = w. Suppose 3*x - 1026 + f = 0. What is the units digit of x?
0
Let v = -6116 - -6918. What is the hundreds digit of v?
8
Let h = -36 - -27. Let w be (-22)/(-2)*h/(-9). Suppose -15 + 0 = -5*y, -y + w = 4*j. What is the units digit of j?
2
Let l be 1/(1*11/(-33)). Let q(d) be the first derivative of -d**4 + d**3 - d**2/2 - 9*d - 1. What is the hundreds digit of q(l)?
1
Let v = 9322 - 3232. Suppose -t = -2*x + 3042, -4*x + t - 2*t = -v. What is the hundreds digit of x?
5
Let y be 3/((-15)/(-10)) - (-4)/2. Let q be y - (-2 - (2 - 2)). Suppose 5*w + 8 = q*w. What is the units digit of w?
8
Let q = 42 + -27. What is the units digit of -4*(q/2)/5*-53?
8
Let r be 2/(-4) + 63/14. Suppose u - r - 11 = 0. Let c = -2 + u. What is the tens digit of c?
1
Suppose -12*z + 5*q + 116687 = -88548, 0 = -3*z + 3*q + 51300. What is the thousands digit of z?
7
Suppose -3*r + 6554 = 4*c, 9*c = 5*r + 12*c - 10927. What is the thousands digit of r?
2
Let h be (-80)/((-18)/27 - 1/(-3)). Suppose q - 58 = -w, 5*w - 3*q = 2*q + h. What is the units digit of w?
3
Suppose 12*x = q + 17*x - 16197, q - 16193 = -x. What is the units digit of q?
2
Let g(d) be the first derivative of -3*d**2/2 - 125*d + 38. Let j(b) = 8*b + 312. Let m(v) = -12*g(v) - 5*j(v). What is the tens digit of m(-25)?
4
Let h(r) = -4*r - 15. Let s be h(9). Suppose 2*k + t + 45 = -97, 4*t = -k - 57. Let o = s - k. What is the tens digit of o?
2
Suppose a + 4 = 0, 3*a - 3119 = -4*p + 5961. What is the thousands digit of p?
2
Let w = -73 - -76. Suppose 15 = 2*r + w*r, 0 = 3*n + 3*r + 18. Let i(k) = -2*k + 8. What is the tens digit of i(n)?
2
Let u(h) = -5*h - 6. Let q be u(-2). Suppose -w = 4*v - 317, 0 = -q*w - v - 0*v + 1223. What is the units digit of w?
5
What is the units digit of 70/10 + 2 + (3 - (-5507 - 2))?
1
Let m(y) = 3*y**2 + 1. Let a = 65 - 64. Let q be m(a). Suppose q*g = 544 - 152. What is the tens digit of g?
9
Let o = -15808 - -58645. What is the units digit of o?
7
Suppose -2*m = 370*p - 369*p - 43816, p - 2*m - 43816 = 0. What is the tens digit of p?
1
Suppose l + 37305 = m, -10*m + 3*l = -5*m - 186541. What is the thousands digit of m?
7
Let w(m) = -4*m - 128. Let y be w(-32). Suppose 2*l = y, -5*l = 3*s - 1798 - 338. What is the units digit of s?
2
Suppose 1 = 5*p - 34. Let o be (-6)/147*-7 + 26/p. What is the units digit of 191 - (-7)/(14/o)?
3
Let q be 31348 - (48/(-96))/((-2)/16). Suppose 47*b - q = 26184